ors of 84071535.
3, 5, 31, 180799
List the prime factors of 1263434029.
11, 13, 211, 3221
List the prime factors of 272018486.
2, 919, 147997
List the prime factors of 2312135378.
2, 7, 449, 367823
List the prime factors of 607585636.
2, 7, 1747, 12421
What are the prime factors of 76945188?
2, 3, 53, 337, 359
List the prime factors of 1234840793.
29, 277, 347, 443
List the prime factors of 100784564.
2, 25196141
What are the prime factors of 177969420?
2, 3, 5, 67, 4919
What are the prime factors of 34264770?
2, 3, 5, 1142159
List the prime factors of 10467453.
3, 251, 13901
What are the prime factors of 191894242?
2, 95947121
What are the prime factors of 106726031?
5119, 20849
List the prime factors of 563537758.
2, 7, 19, 1087, 1949
What are the prime factors of 633756788?
2, 7, 3233453
List the prime factors of 6044624805.
3, 5, 17, 359, 66029
What are the prime factors of 14068467?
3, 7, 107, 2087
List the prime factors of 118903133.
118903133
What are the prime factors of 39859393?
7, 167, 4871
What are the prime factors of 1154931108?
2, 3, 17, 23, 131, 1879
List the prime factors of 3369685925.
5, 134787437
What are the prime factors of 6193325301?
3, 17, 1327, 91513
What are the prime factors of 268257901?
23, 389, 29983
What are the prime factors of 101969277?
3, 71, 478729
What are the prime factors of 3331794085?
5, 17551, 37967
List the prime factors of 5062375699.
5062375699
List the prime factors of 277471231.
19, 41, 131, 2719
What are the prime factors of 62648468?
2, 17, 29, 31769
List the prime factors of 4612765993.
11, 31, 1229743
List the prime factors of 77593327.
7, 1787, 6203
What are the prime factors of 37227707?
11, 19, 16193
What are the prime factors of 6694680?
2, 3, 5, 47, 1187
List the prime factors of 4955956012.
2, 7, 53, 541, 6173
List the prime factors of 662371035.
3, 5, 5749, 7681
List the prime factors of 78222384.
2, 3, 227, 2393
List the prime factors of 476977.
476977
What are the prime factors of 990723878?
2, 19, 26071681
List the prime factors of 3925260222.
2, 3, 13, 1289, 39041
List the prime factors of 93283731.
3, 1151651
List the prime factors of 91580300.
2, 5, 7, 130829
List the prime factors of 128557113.
3, 2087, 20533
List the prime factors of 2163142148.
2, 540785537
List the prime factors of 83912619.
3, 7, 383, 10433
List the prime factors of 55747670.
2, 5, 11, 506797
List the prime factors of 197470792.
2, 43, 53, 10831
What are the prime factors of 132717714?
2, 3, 22119619
What are the prime factors of 26334808?
2, 79, 41669
What are the prime factors of 65284485?
3, 5, 7, 621757
What are the prime factors of 222197099?
37, 6005327
What are the prime factors of 59219357?
67, 883871
What are the prime factors of 1878812123?
1499, 1253377
List the prime factors of 50732234.
2, 7, 3623731
What are the prime factors of 174146838?
2, 3, 103, 281791
List the prime factors of 932757120.
2, 3, 5, 19, 947
List the prime factors of 6237967583.
6237967583
List the prime factors of 305572286.
2, 47, 3250769
What are the prime factors of 142429863?
3, 467, 101663
What are the prime factors of 42547817?
13, 37, 53, 1669
What are the prime factors of 711759312?
2, 3, 11, 49927
What are the prime factors of 21830033?
107, 204019
List the prime factors of 6503982086.
2, 7, 464570149
List the prime factors of 336566366.
2, 168283183
What are the prime factors of 199185808?
2, 1291, 9643
What are the prime factors of 1081175981?
19, 56903999
List the prime factors of 139234596.
2, 3, 11602883
List the prime factors of 2166899646.
2, 3, 15643, 23087
List the prime factors of 609383305.
5, 121876661
What are the prime factors of 21863233?
7, 193, 16183
List the prime factors of 575953057.
109, 5283973
List the prime factors of 60586339.
11, 5507849
What are the prime factors of 12329743?
17, 827, 877
What are the prime factors of 2498533932?
2, 3, 41, 5078321
List the prime factors of 273325996.
2, 59, 1158161
List the prime factors of 76766969.
101, 163, 4663
List the prime factors of 71021192.
2, 11, 73369
List the prime factors of 255317223.
3, 7, 283, 42961
List the prime factors of 37339644.
2, 3, 997, 3121
What are the prime factors of 644703562?
2, 127, 2538203
What are the prime factors of 201690200?
2, 5, 1008451
What are the prime factors of 127763680?
2, 5, 11, 229, 317
List the prime factors of 158646146.
2, 79323073
What are the prime factors of 90957722?
2, 347, 131063
List the prime factors of 15458354.
2, 59, 269, 487
List the prime factors of 6190071358.
2, 5683, 544613
List the prime factors of 47951276.
2, 907, 13217
What are the prime factors of 655792190?
2, 5, 65579219
List the prime factors of 187767.
3, 31, 673
What are the prime factors of 2169933903?
3, 29, 286687
List the prime factors of 16237962.
2, 3, 13, 23131
List the prime factors of 1246420745.
5, 249284149
List the prime factors of 1551369781.
13, 37, 43, 107, 701
List the prime factors of 575846071.
1019, 565109
List the prime factors of 1433701534.
2, 59, 89, 211, 647
List the prime factors of 37983793.
19, 37, 71, 761
What are the prime factors of 3748600?
2, 5, 18743
List the prime factors of 69251669.
67, 73, 14159
What are the prime factors of 177214511?
17, 613199
List the prime factors of 1727850231.
3, 107, 598079
What are the prime factors of 118307623?
7, 19, 241, 3691
What are the prime factors of 35161952?
2, 7, 79, 1987
List the prime factors of 119040673.
119040673
List the prime factors of 4125345506.
2, 727, 2837239
What are the prime factors of 242345200?
2, 5, 17, 157, 227
What are the prime factors of 7184484626?
2, 11, 643, 46171
What are the prime factors of 119652737?
119652737
What are the prime factors of 3054401922?
2, 3, 11, 13, 3559909
List the prime factors of 17326285.
5, 3465257
What are the prime factors of 2922295452?
2, 3, 23, 460349
List the prime factors of 272923462.
2, 7, 157, 227, 547
What are the prime factors of 364272017?
3709, 98213
What are the prime factors of 46584820?
2, 5, 2329241
List the prime factors of 716464582.
2, 23, 1031, 15107
List the prime factors of 37788987.
3, 47, 83, 3229
What are the prime factors of 2821020735?
3, 5, 13, 367, 39419
What are the prime factors of 56622923?
7, 101, 283
What are the prime factors of 5140902004?
2, 7, 113, 1624811
What are the prime factors of 5202895?
5, 1040579
What are the prime factors of 202085754?
2, 3, 13, 73, 35491
What are the prime factors of 77941903?
13, 107, 137, 409
What are the prime factors of 43135996?
2, 211, 51109
List the prime factors of 129912813.
3, 563, 25639
What are the prime factors of 397625608?
2, 49703201
List the prime factors of 20679635.
5, 31, 133417
List the prime factors of 18857993.
7, 11, 59, 593
What are the prime factors of 199845332?
2, 421, 118673
List the prime factors of 310238741.
61, 5085881
What are the prime factors of 2069010683?
3301, 626783
List the prime factors of 23260061.
11, 23, 89, 1033
What are the prime factors of 105964533?
3, 11773837
What are the prime factors of 120139634?
2, 29, 2071373
What are the prime factors of 125131326?
2, 3, 20855221
What are the prime factors of 1054669172?
2, 139, 1896887
List the prime factors of 537644217.
3, 11, 79, 271, 761
What are the prime factors of 66952158?
2, 3, 7, 13, 47, 2609
List the prime factors of 13392414.
2, 3, 7, 157, 677
What are the prime factors of 315528780?
2, 3, 5, 7, 751259
List the prime factors of 468103470.
2, 3, 5, 15603449
What are the prime factors of 930168377?
373, 2493749
List the prime factors of 124372210.
2, 5, 12437221
What are the prime factors of 58587832?
2, 7323479
What are the prime factors of 233242728?
2, 3, 179, 54293
List the prime factors of 572573367.
3, 785423
What are the prime factors of 38352196?
2, 2083, 4603
List the prime factors of 3017985588.
2, 3, 17, 1049, 1567
What are the prime factors of 1318440553?
1531, 861163
List the prime factors of 4742916514.
2, 7, 338779751
What are the prime factors of 54415770?
2, 3, 5, 101, 17959
List the prime factors of 169605597.
3, 7, 8076457
List the prime factors of 782336072.
2, 7, 13970287
What are the prime factors of 582482334?
2, 3, 7, 13868627
List the prime factors of 3970521234.
2, 3, 23, 3196877
List the prime factors of 553